 is the ten thousands digit of 319888594?
8
What is the hundred millions digit of 120009350?
1
What is the ten millions digit of 568922474?
6
What is the millions digit of 40524634?
0
What is the millions digit of 2395394161?
5
What is the hundred millions digit of 137296201?
1
What is the ten millions digit of 479514182?
7
What is the thousands digit of 1192713480?
3
What is the ten thousands digit of 24602792?
0
What is the thousands digit of 1321008623?
8
What is the hundreds digit of 1508556492?
4
What is the ten millions digit of 223016587?
2
What is the units digit of 2417038654?
4
What is the tens digit of 250918356?
5
What is the tens digit of 32399296?
9
What is the hundreds digit of 2049751187?
1
What is the millions digit of 176471825?
6
What is the tens digit of 39127124?
2
What is the tens digit of 2125426749?
4
What is the millions digit of 10298671?
0
What is the tens digit of 176993810?
1
What is the millions digit of 70489136?
0
What is the millions digit of 743492014?
3
What is the tens digit of 596748651?
5
What is the hundred thousands digit of 31622861?
6
What is the thousands digit of 4216261494?
1
What is the ten thousands digit of 31611730?
1
What is the hundreds digit of 3211795203?
2
What is the ten millions digit of 599549899?
9
What is the tens digit of 1740605597?
9
What is the units digit of 18254466?
6
What is the hundred thousands digit of 1266496212?
4
What is the units digit of 3215314722?
2
What is the hundreds digit of 53624810?
8
What is the hundred millions digit of 514515835?
5
What is the hundred millions digit of 1657743009?
6
What is the millions digit of 102177744?
2
What is the ten thousands digit of 3867420?
6
What is the millions digit of 111675219?
1
What is the ten millions digit of 347617231?
4
What is the tens digit of 157986734?
3
What is the tens digit of 782372348?
4
What is the hundreds digit of 87585729?
7
What is the tens digit of 2804806940?
4
What is the tens digit of 109276558?
5
What is the ten thousands digit of 3182080436?
8
What is the ten thousands digit of 23971506?
7
What is the hundred thousands digit of 6632314?
6
What is the tens digit of 1609640748?
4
What is the ten thousands digit of 510800309?
0
What is the hundreds digit of 127615912?
9
What is the thousands digit of 8144310189?
0
What is the ten millions digit of 1631977768?
3
What is the tens digit of 2828093?
9
What is the units digit of 10769637?
7
What is the units digit of 285783308?
8
What is the thousands digit of 82996494?
6
What is the hundreds digit of 91797155?
1
What is the tens digit of 186820458?
5
What is the hundred thousands digit of 127954951?
9
What is the tens digit of 3430769?
6
What is the millions digit of 158094465?
8
What is the thousands digit of 122092843?
2
What is the hundred thousands digit of 92196429?
1
What is the ten millions digit of 304331089?
0
What is the ten millions digit of 48570165?
4
What is the tens digit of 4540123022?
2
What is the billions digit of 9494640137?
9
What is the tens digit of 1001156959?
5
What is the millions digit of 1458677391?
8
What is the ten millions digit of 46019998?
4
What is the tens digit of 69265312?
1
What is the hundreds digit of 157166498?
4
What is the billions digit of 1598379811?
1
What is the units digit of 208716693?
3
What is the thousands digit of 430951112?
1
What is the ten thousands digit of 2719131019?
3
What is the hundred millions digit of 453083905?
4
What is the thousands digit of 4410092745?
2
What is the thousands digit of 194710154?
0
What is the ten millions digit of 52235178?
5
What is the ten thousands digit of 2458704849?
0
What is the units digit of 111254024?
4
What is the hundreds digit of 27530930?
9
What is the tens digit of 1778201327?
2
What is the ten thousands digit of 409676634?
7
What is the millions digit of 150556333?
0
What is the ten thousands digit of 102365994?
6
What is the millions digit of 46361964?
6
What is the millions digit of 490674632?
0
What is the tens digit of 54918606?
0
What is the hundred thousands digit of 21158762?
1
What is the thousands digit of 219248593?
8
What is the tens digit of 572053924?
2
What is the thousands digit of 51996466?
6
What is the hundred millions digit of 124497667?
1
What is the ten millions digit of 64365606?
6
What is the ten thousands digit of 30649567?
4
What is the hundreds digit of 2149762522?
5
What is the tens digit of 45061885?
8
What is the tens digit of 3502627173?
7
What is the ten thousands digit of 84510346?
1
What is the tens digit of 1414845919?
1
What is the units digit of 43862367?
7
What is the thousands digit of 76479912?
9
What is the units digit of 988900390?
0
What is the thousands digit of 5271467584?
7
What is the hundreds digit of 6161528138?
1
What is the tens digit of 19976552?
5
What is the units digit of 111610673?
3
What is the ten thousands digit of 863091112?
9
What is the hundred thousands digit of 4253008196?
0
What is the ten millions digit of 253022485?
5
What is the millions digit of 2789290632?
9
What is the thousands digit of 848030091?
0
What is the hundred thousands digit of 33000683?
0
What is the ten thousands digit of 101308640?
0
What is the units digit of 210148619?
9
What is the hundred millions digit of 1180166277?
1
What is the hundreds digit of 1224892656?
6
What is the ten thousands digit of 352491330?
9
What is the hundreds digit of 149429390?
3
What is the hundreds digit of 239145255?
2
What is the thousands digit of 532129691?
9
What is the hundred millions digit of 122754979?
1
What is the hundred thousands digit of 1197423564?
4
What is the hundred millions digit of 1371715250?
3
What is the hundred thousands digit of 56630585?
6
What is the ten thousands digit of 5634972106?
7
What is the units digit of 310795391?
1
What is the ten thousands digit of 551530801?
3
What is the hundred millions digit of 206966973?
2
What is the thousands digit of 79920258?
0
What is the millions digit of 24776728?
4
What is the millions digit of 2527758777?
7
What is the tens digit of 6613133713?
1
What is the thousands digit of 2808141722?
1
What is the millions digit of 828417705?
8
What is the hundreds digit of 123063629?
6
What is the units digit of 118359882?
2
What is the ten thousands digit of 15623317?
2
What is the tens digit of 206307607?
0
What is the hundred thousands digit of 103127088?
1
What is the hundreds digit of 449418207?
2
What is the hundreds digit of 73928436?
4
What is the tens digit of 141334032?
3
What is the ten thousands digit of 11845407?
4
What is the units digit of 59145361?
1
What is the hundreds digit of 53401495?
4
What is the tens digit of 1897637605?
0
What is the hundred thousands digit of 56392985?
3
What is the ten thousands digit of 268378984?
7
What is the hundred millions digit of 167535632?
1
What is the thousands digit of 13297755?
7
What is the ten millions digit of 23314155?
2
What is the millions digit of 139557969?
9
What is the units digit of 4048909635?
5
What is the ten thousands digit of 41721999?
2
What is the ten thousands digit of 11908929?
0
What is the hundred thousands digit of 3065766956?
7
What is the hundreds digit of 3476250616?
6
What is the ten millions digit of 329851711?
2
What is the thousands digit of 470203609?
3
What is the hundreds digit of 539823273?
2
What is the units digit of 808303773?
3
What is the ten thousands digit of 87401013?
0
What is the ten thousands digit of 53267252?
6
What is the hundred millions digit of 1494212481?
4
What is the hundreds digit of 4357987868?
8
What is the thousands digit of 60748271?
8
What is the ten thousands digit of 2591624533?
2
What is the thousands digit of 2525507494?
7
What is the millions digit of 211335597?
1
What is the tens digit of 65330392?
9
What is the hundreds digit of 1963945809?
8
What is the hundred millions digit of 389306287?
3
What is the thousands digit of 426407681?
7
What is the hundred thousands digit of 29438707?
4
What is the tens digit of 2446566185?
8
What is the tens digit of 7554322?
2
What is the ten millions digit of 99084533?
9
What is the hundred millions digit of 198172010?
1
What is the units digit of 691790856?
6
What is the thousands digit of 89331384?
1
What is the units digit o